{"id":1328,"date":"2025-09-03T15:43:44","date_gmt":"2025-09-03T13:43:44","guid":{"rendered":"https:\/\/keturist.sk\/booking\/?post_type=product&#038;p=1328"},"modified":"2025-09-03T16:29:23","modified_gmt":"2025-09-03T14:29:23","slug":"restauracia-zlaty-pav","status":"publish","type":"product","link":"https:\/\/keturist.sk\/booking\/produkt\/restauracia-zlaty-pav\/","title":{"rendered":"Re\u0161taur\u00e1cia Zlat\u00fd p\u00e1v"},"content":{"rendered":"<h3><span style=\"color: #808000;\">Re\u0161taur\u00e1cia Zlat\u00fd p\u00e1v: Chu\u0165ov\u00e1 o\u00e1za v srdci Drienoveck\u00fdch k\u00fape\u013eov<\/span><\/h3>\n<p class=\"ds-markdown-paragraph\"><strong>H\u013ead\u00e1te miesto, kde sa tradi\u010dn\u00e9 slovensk\u00e9 chute stret\u00e1vaj\u00fa s eur\u00f3pskym kulin\u00e1rskym umen\u00edm?<\/strong>\u00a0Re\u0161taur\u00e1cia Zlat\u00fd p\u00e1v v are\u00e1li Drienoveck\u00fdch k\u00fape\u013eov je tou pravou gastronomickou destin\u00e1ciou pre v\u0161etk\u00fdch, ktor\u00ed si chc\u00fa vychutna\u0165 jedine\u010dn\u00e9 jedlo v n\u00e1dhernom prostred\u00ed Slovensk\u00e9ho krasu.<\/p>\n<h2><span style=\"color: #800000;\">Pre\u010do si vybra\u0165 pr\u00e1ve re\u0161taur\u00e1ciu Zlat\u00fd p\u00e1v?<\/span><\/h2>\n<p class=\"ds-markdown-paragraph\">Na\u0161a re\u0161taur\u00e1cia sa py\u0161n\u00ed dokonalou kombin\u00e1ciou\u00a0<strong>autentick\u00fdch slovensk\u00fdch \u0161pecial\u00edt<\/strong>\u00a0a\u00a0<strong>kvalitnej eur\u00f3pskej kuchyne<\/strong>. Ka\u017ed\u00e9 jedlo pripravujeme s l\u00e1skou a dban\u00edm na trad\u00edcie, pri\u010dom vyu\u017e\u00edvame len to najlep\u0161ie miestne suroviny.<\/p>\n<figure id=\"attachment_1329\" aria-describedby=\"caption-attachment-1329\" style=\"width: 900px\" class=\"wp-caption aligncenter\"><a href=\"https:\/\/keturist.sk\/booking\/wp-content\/uploads\/2025\/09\/restauracia-Zlay-pav.jpg\"><img loading=\"lazy\" decoding=\"async\" class=\"wp-image-1329\" src=\"https:\/\/keturist.sk\/booking\/wp-content\/uploads\/2025\/09\/restauracia-Zlay-pav-300x225.jpg\" alt=\"Re\u0161taur\u00e1cia Zlat\u00fd p\u00e1v\" width=\"900\" height=\"675\" srcset=\"https:\/\/keturist.sk\/booking\/wp-content\/uploads\/2025\/09\/restauracia-Zlay-pav-300x225.jpg 300w, https:\/\/keturist.sk\/booking\/wp-content\/uploads\/2025\/09\/restauracia-Zlay-pav-768x576.jpg 768w, https:\/\/keturist.sk\/booking\/wp-content\/uploads\/2025\/09\/restauracia-Zlay-pav-600x450.jpg 600w, https:\/\/keturist.sk\/booking\/wp-content\/uploads\/2025\/09\/restauracia-Zlay-pav.jpg 1000w\" sizes=\"auto, (max-width: 900px) 100vw, 900px\" \/><\/a><figcaption id=\"caption-attachment-1329\" class=\"wp-caption-text\">Re\u0161taur\u00e1cia Zlat\u00fd p\u00e1v<\/figcaption><\/figure>\n<h2><span style=\"color: #800000;\">Na\u0161e exkluz\u00edvne \u0161peciality<\/span><\/h2>\n<p class=\"ds-markdown-paragraph\">Nechajte sa unies\u0165 chu\u0165ami, ktor\u00e9 rozohraj\u00fa va\u0161e chu\u0165ov\u00e9 receptory:<\/p>\n<ul>\n<li>\n<p class=\"ds-markdown-paragraph\"><strong>Pi\u0165k\u00f3 gul\u00e1\u0161<\/strong>\u00a0&#8211; tradi\u010dn\u00fd recept, ktor\u00fd v\u00e1s prenesie do chut\u00ed v\u00fdchodn\u00e9ho Slovenska<\/p>\n<\/li>\n<li>\n<p class=\"ds-markdown-paragraph\"><strong>Drienoveck\u00e1 ru\u017ea<\/strong>\u00a0&#8211; exkluz\u00edvna \u0161pecialita pripravovan\u00e1 pod\u013ea star\u00e9ho rodinn\u00e9ho receptu<\/p>\n<\/li>\n<li>\n<p class=\"ds-markdown-paragraph\"><strong>Misa Miglinc<\/strong>\u00a0&#8211; lahodn\u00fd pokrm in\u0161pirovan\u00fd okolitou pr\u00edrodou a vyviera\u010dkou Miglinc<\/p>\n<\/li>\n<\/ul>\n<h2><span style=\"color: #800000;\">Komplexn\u00fd oddychov\u00fd are\u00e1l Patria<\/span><\/h2>\n<p class=\"ds-markdown-paragraph\">Re\u0161taur\u00e1cia Zlat\u00fd p\u00e1v tvor\u00ed s\u00fa\u010das\u0165\u00a0<strong>oddychov\u00e9ho are\u00e1lu Patria &#8211; Drienoveck\u00e9 k\u00fapele<\/strong>, ktor\u00fd sa nach\u00e1dza v n\u00e1dhernom prostred\u00ed b\u00fdval\u00fdch k\u00fape\u013eov na trase z Ko\u0161\u00edc do Ro\u017e\u0148avy. Toto miesto udr\u017eiava trad\u00edcie b\u00fdval\u00e9ho \u013eudov\u00e9ho k\u00fape\u013en\u00edctva a pon\u00faka komplexn\u00e9 z\u00e1zemie pre relax\u00e1ciu a oddych.<\/p>\n<h2><span style=\"color: #800000;\">Wellness a ubytovanie<\/span><\/h2>\n<p class=\"ds-markdown-paragraph\">S\u00fa\u010das\u0165ou are\u00e1lu je aj\u00a0<strong>Spa Drienoveck\u00e9 k\u00fapele<\/strong>\u00a0s modern\u00fdm wellness vybaven\u00edm:<\/p>\n<ul>\n<li>\n<p class=\"ds-markdown-paragraph\">Relaxa\u010dn\u00fd baz\u00e9n a v\u00edrivka<\/p>\n<\/li>\n<li>\n<p class=\"ds-markdown-paragraph\">F\u00ednska sauna a \u010fal\u0161ie druhy s\u00e1un<\/p>\n<\/li>\n<li>\n<p class=\"ds-markdown-paragraph\">Tradi\u010dn\u00e9 va\u0148ov\u00e9 k\u00fapele<\/p>\n<\/li>\n<li>\n<p class=\"ds-markdown-paragraph\">Odborn\u00e9 mas\u00e1\u017ee a fyzioterapia<\/p>\n<\/li>\n<\/ul>\n<p class=\"ds-markdown-paragraph\">Pre host\u00ed je k dispoz\u00edcii\u00a0<strong>ubytovanie Zlat\u00fd p\u00e1v<\/strong>\u00a0s trojl\u00f4\u017ekov\u00fdmi izbami s vlastnou k\u00fape\u013e\u0148ou zariaden\u00fdmi v pr\u00edjemnom vidieckom \u0161t\u00fdle.<\/p>\n<h2><span style=\"color: #800000;\">Ide\u00e1lne miesto pre va\u0161e \u0161peci\u00e1lne okamihy<\/span><\/h2>\n<p class=\"ds-markdown-paragraph\">Re\u0161taur\u00e1cia Zlat\u00fd p\u00e1v je perfektn\u00fdm miestom pre usporiadanie r\u00f4znych spolo\u010densk\u00fdch udalost\u00ed. Sme pripraven\u00ed uspokoji\u0165 va\u0161e po\u017eiadavky na:<\/p>\n<ul>\n<li>\n<p class=\"ds-markdown-paragraph\">Rodinn\u00e9 a osobn\u00e9 jubile\u00e1<\/p>\n<\/li>\n<li>\n<p class=\"ds-markdown-paragraph\">Svadobn\u00e9 hostiny<\/p>\n<\/li>\n<li>\n<p class=\"ds-markdown-paragraph\">Spolo\u010densk\u00e9 recepcie<\/p>\n<\/li>\n<li>\n<p class=\"ds-markdown-paragraph\">Oslavy prom\u00f3ci\u00ed<\/p>\n<\/li>\n<li>\n<p class=\"ds-markdown-paragraph\">Firemn\u00e9 akcie a teambuildingy<\/p>\n<\/li>\n<li>\n<p class=\"ds-markdown-paragraph\">Odborn\u00e9 \u0161kolenia<\/p>\n<\/li>\n<li>\n<p class=\"ds-markdown-paragraph\">Spolo\u010densk\u00e9 kary<\/p>\n<\/li>\n<\/ul>\n<h2><span style=\"color: #800000;\">Kapacita a priestory<\/span><\/h2>\n<p class=\"ds-markdown-paragraph\">Na\u0161a re\u0161taur\u00e1cia pon\u00faka priestrann\u00e9 ubytovanie pre\u00a0<strong>a\u017e 65 host\u00ed<\/strong> s\u00fa\u010dasne. Pre s\u00fakromnej\u0161ie pr\u00edle\u017eitosti m\u00e1me k dispoz\u00edcii:<\/p>\n<ul>\n<li>\n<p class=\"ds-markdown-paragraph\"><strong>Elegantn\u00fd sal\u00f3nik<\/strong>\u00a0pre 12 os\u00f4b &#8211; ide\u00e1lny pre obchodn\u00e9 stretnutia alebo rodinn\u00e9 oslavy<\/p>\n<\/li>\n<li>\n<p class=\"ds-markdown-paragraph\"><strong>Vonkaj\u0161ia terasa<\/strong>\u00a0s kapacitou 40 os\u00f4b &#8211; perfektn\u00e1 pre letn\u00e9 ve\u010dery a pr\u00edjemn\u00e9 posedenie v pr\u00edrode<\/p>\n<\/li>\n<\/ul>\n<h2><span style=\"color: #800000;\">Z\u00e1bava a relax pre v\u0161etk\u00fdch<\/span><\/h2>\n<p class=\"ds-markdown-paragraph\">S\u00fa\u010das\u0165ou komplexu je aj\u00a0<strong>dvojdr\u00e1hov\u00e1 kolk\u00e1re\u0148 s automatizovan\u00fdm stava\u010dom<\/strong>, ktor\u00e1 zabav\u00ed nielen deti, ale aj dospel\u00fdch. Are\u00e1l je ka\u017edoro\u010dne miestom konania:<\/p>\n<ul>\n<li>\n<p class=\"ds-markdown-paragraph\">M\u00e1jov\u00fdch sl\u00e1vnost\u00ed piesn\u00ed a tancov<\/p>\n<\/li>\n<li>\n<p class=\"ds-markdown-paragraph\">Po\u013eovn\u00edckych dn\u00ed<\/p>\n<\/li>\n<li>\n<p class=\"ds-markdown-paragraph\">Firemn\u00fdch stretnut\u00ed<\/p>\n<\/li>\n<li>\n<p class=\"ds-markdown-paragraph\">R\u00f4znych kult\u00farno-spolo\u010densk\u00fdch podujat\u00ed<\/p>\n<\/li>\n<\/ul>\n<h2><span style=\"color: #800000;\">Pre rodiny s de\u0165mi<\/span><\/h2>\n<p class=\"ds-markdown-paragraph\">S\u00fa\u010das\u0165ou are\u00e1lu je\u00a0<strong>park s detsk\u00fdm ihriskom<\/strong>, kde sa m\u00f4\u017eete oddychom venova\u0165 z\u00e1bave s de\u0165mi. Pre milovn\u00edkov outdoorov\u00e9ho varenia pon\u00fakame mo\u017enos\u0165:<\/p>\n<ul>\n<li>\n<p class=\"ds-markdown-paragraph\"><strong>Opekania na ro\u0161te<\/strong><\/p>\n<\/li>\n<li>\n<p class=\"ds-markdown-paragraph\"><strong>Varenia kotl\u00edkov\u00e9ho gul\u00e1\u0161a<\/strong>\u00a0&#8211; skvel\u00e9 pre firemn\u00e9 akcie alebo rodinn\u00e9 stretnutia<\/p>\n<\/li>\n<\/ul>\n<h2><span style=\"color: #800000;\">Kontakt a rezerv\u00e1cie<\/span><\/h2>\n<p class=\"ds-markdown-paragraph\"><strong>Te\u0161\u00edme sa na va\u0161u n\u00e1v\u0161tevu!<\/strong>\u00a0Rezervujte si svoj st\u00f4l alebo priestory pre va\u0161u \u0161peci\u00e1lnu pr\u00edle\u017eitos\u0165 e\u0161te dnes.<\/p>\n<ul>\n<li>\n<p class=\"ds-markdown-paragraph\"><strong>Adresa:<\/strong>\u00a0Drienoveck\u00e9 k\u00fapele 519, Drienovec, Slovakia<\/p>\n<\/li>\n<li>\n<p class=\"ds-markdown-paragraph\"><strong>Telef\u00f3n:<\/strong>\u00a0+421 918 421 546<\/p>\n<\/li>\n<li>\n<p class=\"ds-markdown-paragraph\"><strong>Facebook:<\/strong>\u00a0<a href=\"https:\/\/www.facebook.com\/Re%25C5%25A1taur%25C3%25A1cia-Zlat%25C3%25BD-p%25C3%25A1v-100063623421260\/\" target=\"_blank\" rel=\"noopener noreferrer nofollow\">Re\u0161taur\u00e1cia Zlat\u00fd p\u00e1v<\/a><\/p>\n<\/li>\n<\/ul>\n<p class=\"ds-markdown-paragraph\">Nav\u0161t\u00edvte n\u00e1s a za\u017eite nezabudnute\u013en\u00fd gastronomick\u00fd z\u00e1\u017eitok v jedine\u010dnom prostred\u00ed Drienoveck\u00fdch k\u00fape\u013eov na hranici N\u00e1rodn\u00e9ho parku Slovensk\u00fd kras!<\/p>\n<hr \/>\n<h2><span style=\"color: #800000;\">Fotogal\u00e9ria<\/span><\/h2>\n<style type=\"text\/css\">\n#foogallery-gallery-1338 .fg-image { width: 900px; }<\/style>\n\t\t\t<div class=\"foogallery foogallery-container foogallery-image-viewer foogallery-link-image foogallery-lightbox-foogallery fg-center fg-image-viewer fg-ready fg-light fg-border-thin fg-shadow-outline fg-loading-default fg-loaded-fade-in fg-caption-hover fg-hover-fade fg-hover-zoom\" id=\"foogallery-gallery-1338\" data-foogallery=\"{&quot;item&quot;:{&quot;showCaptionTitle&quot;:true,&quot;showCaptionDescription&quot;:true},&quot;lazy&quot;:true,&quot;template&quot;:{&quot;loop&quot;:true}}\" data-foogallery-lightbox=\"{&quot;thumbs&quot;:&quot;bottom&quot;,&quot;thumbsCaptions&quot;:false,&quot;thumbsBestFit&quot;:false,&quot;thumbsSmall&quot;:false,&quot;thumbsCaptionsAlign&quot;:&quot;default&quot;,&quot;info&quot;:&quot;bottom&quot;,&quot;infoVisible&quot;:true,&quot;infoOverlay&quot;:true,&quot;infoAlign&quot;:&quot;default&quot;,&quot;transition&quot;:&quot;fade&quot;,&quot;hoverButtons&quot;:false,&quot;fitMedia&quot;:false,&quot;noScrollbars&quot;:true,&quot;preserveButtonSpace&quot;:true,&quot;buttons&quot;:{&quot;fullscreen&quot;:true,&quot;info&quot;:true,&quot;thumbs&quot;:false},&quot;video&quot;:{&quot;autoPlay&quot;:true}}\" >\n\t<div class=\"fiv-inner\">\n\t\t<div class=\"fiv-inner-container\">\n\t\t\t<div class=\"fg-item fg-type-image fg-idle\"><figure class=\"fg-item-inner\"><a href=\"https:\/\/keturist.sk\/booking\/wp-content\/uploads\/2025\/09\/restauracia-Zlay-pav.jpg\" data-attachment-id=\"1329\" data-type=\"image\" class=\"fg-thumb\"><span class=\"fg-image-wrap\"><img fetchpriority=\"high\" decoding=\"async\" alt=\"Re\u0161taur\u00e1cia Zlat\u00fd p\u00e1v\" width=\"900\" height=\"675\" class=\"skip-lazy fg-image\" data-src-fg=\"https:\/\/keturist.sk\/booking\/wp-content\/uploads\/cache\/2025\/09\/restauracia-Zlay-pav\/2477048123.jpg\" src=\"data:image\/svg+xml,%3Csvg%20xmlns%3D%22http%3A%2F%2Fwww.w3.org%2F2000%2Fsvg%22%20width%3D%22900%22%20height%3D%22675%22%20viewBox%3D%220%200%20900%20675%22%3E%3C%2Fsvg%3E\" loading=\"eager\"><\/span><span class=\"fg-image-overlay\"><\/span><\/a><\/figure><div class=\"fg-loader\"><\/div><\/div><div class=\"fg-item fg-type-image fg-idle\"><figure class=\"fg-item-inner\"><a href=\"https:\/\/keturist.sk\/booking\/wp-content\/uploads\/2025\/09\/restauracia-Zlay-pav2.jpg\" data-attachment-id=\"1339\" data-type=\"image\" class=\"fg-thumb\"><span class=\"fg-image-wrap\"><img decoding=\"async\" alt=\"Re\u0161taur\u00e1cia Zlat\u00fd p\u00e1v\" width=\"900\" height=\"675\" class=\"skip-lazy fg-image\" data-src-fg=\"https:\/\/keturist.sk\/booking\/wp-content\/uploads\/cache\/2025\/09\/restauracia-Zlay-pav2\/369933764.jpg\" src=\"data:image\/svg+xml,%3Csvg%20xmlns%3D%22http%3A%2F%2Fwww.w3.org%2F2000%2Fsvg%22%20width%3D%22900%22%20height%3D%22675%22%20viewBox%3D%220%200%20900%20675%22%3E%3C%2Fsvg%3E\" loading=\"eager\"><\/span><span class=\"fg-image-overlay\"><\/span><\/a><\/figure><div class=\"fg-loader\"><\/div><\/div><div class=\"fg-item fg-type-image fg-idle\"><figure class=\"fg-item-inner\"><a href=\"https:\/\/keturist.sk\/booking\/wp-content\/uploads\/2025\/09\/restauracia-Zlay-pav3.jpg\" data-attachment-id=\"1340\" data-type=\"image\" class=\"fg-thumb\"><span class=\"fg-image-wrap\"><img decoding=\"async\" alt=\"Re\u0161taur\u00e1cia Zlat\u00fd p\u00e1v\" width=\"900\" height=\"675\" class=\"skip-lazy fg-image\" data-src-fg=\"https:\/\/keturist.sk\/booking\/wp-content\/uploads\/cache\/2025\/09\/restauracia-Zlay-pav3\/350950891.jpg\" src=\"data:image\/svg+xml,%3Csvg%20xmlns%3D%22http%3A%2F%2Fwww.w3.org%2F2000%2Fsvg%22%20width%3D%22900%22%20height%3D%22675%22%20viewBox%3D%220%200%20900%20675%22%3E%3C%2Fsvg%3E\" loading=\"eager\"><\/span><span class=\"fg-image-overlay\"><\/span><\/a><\/figure><div class=\"fg-loader\"><\/div><\/div><div class=\"fg-item fg-type-image fg-idle\"><figure class=\"fg-item-inner\"><a href=\"https:\/\/keturist.sk\/booking\/wp-content\/uploads\/2025\/09\/restauracia-Zlay-pav4.jpg\" data-attachment-id=\"1341\" data-type=\"image\" class=\"fg-thumb\"><span class=\"fg-image-wrap\"><img decoding=\"async\" alt=\"Re\u0161taur\u00e1cia Zlat\u00fd p\u00e1v\" width=\"900\" height=\"675\" class=\"skip-lazy fg-image\" data-src-fg=\"https:\/\/keturist.sk\/booking\/wp-content\/uploads\/cache\/2025\/09\/restauracia-Zlay-pav4\/1890223405.jpg\" src=\"data:image\/svg+xml,%3Csvg%20xmlns%3D%22http%3A%2F%2Fwww.w3.org%2F2000%2Fsvg%22%20width%3D%22900%22%20height%3D%22675%22%20viewBox%3D%220%200%20900%20675%22%3E%3C%2Fsvg%3E\" loading=\"eager\"><\/span><span class=\"fg-image-overlay\"><\/span><\/a><\/figure><div class=\"fg-loader\"><\/div><\/div><div class=\"fg-item fg-type-image fg-idle\"><figure class=\"fg-item-inner\"><a href=\"https:\/\/keturist.sk\/booking\/wp-content\/uploads\/2025\/09\/restauracia-Zlay-pav5.jpg\" data-attachment-id=\"1342\" data-type=\"image\" class=\"fg-thumb\"><span class=\"fg-image-wrap\"><img decoding=\"async\" alt=\"Re\u0161taur\u00e1cia Zlat\u00fd p\u00e1v\" width=\"900\" height=\"675\" class=\"skip-lazy fg-image\" data-src-fg=\"https:\/\/keturist.sk\/booking\/wp-content\/uploads\/cache\/2025\/09\/restauracia-Zlay-pav5\/260911058.jpg\" src=\"data:image\/svg+xml,%3Csvg%20xmlns%3D%22http%3A%2F%2Fwww.w3.org%2F2000%2Fsvg%22%20width%3D%22900%22%20height%3D%22675%22%20viewBox%3D%220%200%20900%20675%22%3E%3C%2Fsvg%3E\" loading=\"eager\"><\/span><span class=\"fg-image-overlay\"><\/span><\/a><\/figure><div class=\"fg-loader\"><\/div><\/div><div class=\"fg-item fg-type-image fg-idle\"><figure class=\"fg-item-inner\"><a href=\"https:\/\/keturist.sk\/booking\/wp-content\/uploads\/2025\/09\/restauracia-Zlay-pav6.jpg\" data-attachment-id=\"1343\" data-type=\"image\" class=\"fg-thumb\"><span class=\"fg-image-wrap\"><img decoding=\"async\" alt=\"Re\u0161taur\u00e1cia Zlat\u00fd p\u00e1v\" width=\"900\" height=\"675\" class=\"skip-lazy fg-image\" data-src-fg=\"https:\/\/keturist.sk\/booking\/wp-content\/uploads\/cache\/2025\/09\/restauracia-Zlay-pav6\/4018581998.jpg\" src=\"data:image\/svg+xml,%3Csvg%20xmlns%3D%22http%3A%2F%2Fwww.w3.org%2F2000%2Fsvg%22%20width%3D%22900%22%20height%3D%22675%22%20viewBox%3D%220%200%20900%20675%22%3E%3C%2Fsvg%3E\" loading=\"eager\"><\/span><span class=\"fg-image-overlay\"><\/span><\/a><\/figure><div class=\"fg-loader\"><\/div><\/div>\t\t<\/div>\n\t\t<div class=\"fiv-ctrls\">\n\t\t\t<div class=\"fiv-prev\"><span>Prev<\/span><\/div>\n\t\t\t<label class=\"fiv-count\"><span class=\"fiv-count-current\">1<\/span>of<span class=\"fiv-count-total\">6<\/span><\/label>\n\t\t\t<div class=\"fiv-next\"><span>Next<\/span><\/div>\n\t\t<\/div>\n\t<\/div>\n<\/div>\n","protected":false},"excerpt":{"rendered":"<p>Re\u0161taur\u00e1cia Zlat\u00fd p\u00e1v: Chu\u0165ov\u00e1 o\u00e1za v srdci Drienoveck\u00fdch k\u00fape\u013eov H\u013ead\u00e1te miesto, kde sa tradi\u010dn\u00e9 slovensk\u00e9 chute stret\u00e1vaj\u00fa s eur\u00f3pskym kulin\u00e1rskym umen\u00edm?\u00a0Re\u0161taur\u00e1cia Zlat\u00fd p\u00e1v v are\u00e1li Drienoveck\u00fdch k\u00fape\u013eov je tou pravou [&hellip;]<\/p>\n","protected":false},"featured_media":1329,"comment_status":"open","ping_status":"closed","template":"","meta":{"_uag_custom_page_level_css":"","_links_to":"","_links_to_target":""},"product_brand":[],"product_cat":[17,128,59],"product_tag":[],"class_list":{"0":"post-1328","1":"product","2":"type-product","3":"status-publish","4":"has-post-thumbnail","6":"product_cat-stravovanie","7":"product_cat-restauracie-kras","8":"product_cat-slovensky-kras-s","10":"first","11":"instock","12":"shipping-taxable","13":"product-type-simple"},"magazineBlocksPostFeaturedMedia":{"thumbnail":"https:\/\/keturist.sk\/booking\/wp-content\/uploads\/2025\/09\/restauracia-Zlay-pav-150x150.jpg","medium":"https:\/\/keturist.sk\/booking\/wp-content\/uploads\/2025\/09\/restauracia-Zlay-pav-300x225.jpg","medium_large":"https:\/\/keturist.sk\/booking\/wp-content\/uploads\/2025\/09\/restauracia-Zlay-pav-768x576.jpg","large":"https:\/\/keturist.sk\/booking\/wp-content\/uploads\/2025\/09\/restauracia-Zlay-pav.jpg","1536x1536":"https:\/\/keturist.sk\/booking\/wp-content\/uploads\/2025\/09\/restauracia-Zlay-pav.jpg","2048x2048":"https:\/\/keturist.sk\/booking\/wp-content\/uploads\/2025\/09\/restauracia-Zlay-pav.jpg","mailpoet_newsletter_max":"https:\/\/keturist.sk\/booking\/wp-content\/uploads\/2025\/09\/restauracia-Zlay-pav.jpg","woocommerce_thumbnail":"https:\/\/keturist.sk\/booking\/wp-content\/uploads\/2025\/09\/restauracia-Zlay-pav-300x300.jpg","woocommerce_single":"https:\/\/keturist.sk\/booking\/wp-content\/uploads\/2025\/09\/restauracia-Zlay-pav-600x450.jpg","woocommerce_gallery_thumbnail":"https:\/\/keturist.sk\/booking\/wp-content\/uploads\/2025\/09\/restauracia-Zlay-pav-100x100.jpg"},"magazineBlocksPostAuthor":{"name":"admin","avatar":"https:\/\/secure.gravatar.com\/avatar\/?s=96&d=mm&r=g"},"magazineBlocksPostCommentsNumber":"0","magazineBlocksPostExcerpt":"Re\u0161taur\u00e1cia Zlat\u00fd p\u00e1v: Chu\u0165ov\u00e1 o\u00e1za v srdci Drienoveck\u00fdch k\u00fape\u013eov H\u013ead\u00e1te miesto, kde sa tradi\u010dn\u00e9 slovensk\u00e9 chute stret\u00e1vaj\u00fa s eur\u00f3pskym kulin\u00e1rskym umen\u00edm?\u00a0Re\u0161taur\u00e1cia Zlat\u00fd p\u00e1v v are\u00e1li Drienoveck\u00fdch k\u00fape\u013eov je tou pravou [&hellip;]","magazineBlocksPostCategories":[],"magazineBlocksPostViewCount":45,"magazineBlocksPostReadTime":4,"uagb_featured_image_src":{"full":["https:\/\/keturist.sk\/booking\/wp-content\/uploads\/2025\/09\/restauracia-Zlay-pav.jpg",1000,750,false],"thumbnail":["https:\/\/keturist.sk\/booking\/wp-content\/uploads\/2025\/09\/restauracia-Zlay-pav-150x150.jpg",150,150,true],"medium":["https:\/\/keturist.sk\/booking\/wp-content\/uploads\/2025\/09\/restauracia-Zlay-pav-300x225.jpg",300,225,true],"medium_large":["https:\/\/keturist.sk\/booking\/wp-content\/uploads\/2025\/09\/restauracia-Zlay-pav-768x576.jpg",768,576,true],"large":["https:\/\/keturist.sk\/booking\/wp-content\/uploads\/2025\/09\/restauracia-Zlay-pav.jpg",1000,750,false],"1536x1536":["https:\/\/keturist.sk\/booking\/wp-content\/uploads\/2025\/09\/restauracia-Zlay-pav.jpg",1000,750,false],"2048x2048":["https:\/\/keturist.sk\/booking\/wp-content\/uploads\/2025\/09\/restauracia-Zlay-pav.jpg",1000,750,false],"mailpoet_newsletter_max":["https:\/\/keturist.sk\/booking\/wp-content\/uploads\/2025\/09\/restauracia-Zlay-pav.jpg",1000,750,false],"woocommerce_thumbnail":["https:\/\/keturist.sk\/booking\/wp-content\/uploads\/2025\/09\/restauracia-Zlay-pav-300x300.jpg",300,300,true],"woocommerce_single":["https:\/\/keturist.sk\/booking\/wp-content\/uploads\/2025\/09\/restauracia-Zlay-pav-600x450.jpg",600,450,true],"woocommerce_gallery_thumbnail":["https:\/\/keturist.sk\/booking\/wp-content\/uploads\/2025\/09\/restauracia-Zlay-pav-100x100.jpg",100,100,true]},"uagb_author_info":{"display_name":"admin","author_link":"https:\/\/keturist.sk\/booking\/author\/"},"uagb_comment_info":0,"uagb_excerpt":"Re\u0161taur\u00e1cia Zlat\u00fd p\u00e1v: Chu\u0165ov\u00e1 o\u00e1za v srdci Drienoveck\u00fdch k\u00fape\u013eov H\u013ead\u00e1te miesto, kde sa tradi\u010dn\u00e9 slovensk\u00e9 chute stret\u00e1vaj\u00fa s eur\u00f3pskym kulin\u00e1rskym umen\u00edm?\u00a0Re\u0161taur\u00e1cia Zlat\u00fd p\u00e1v v are\u00e1li Drienoveck\u00fdch k\u00fape\u013eov je tou pravou [&hellip;]","_links":{"self":[{"href":"https:\/\/keturist.sk\/booking\/wp-json\/wp\/v2\/product\/1328","targetHints":{"allow":["GET"]}}],"collection":[{"href":"https:\/\/keturist.sk\/booking\/wp-json\/wp\/v2\/product"}],"about":[{"href":"https:\/\/keturist.sk\/booking\/wp-json\/wp\/v2\/types\/product"}],"replies":[{"embeddable":true,"href":"https:\/\/keturist.sk\/booking\/wp-json\/wp\/v2\/comments?post=1328"}],"wp:featuredmedia":[{"embeddable":true,"href":"https:\/\/keturist.sk\/booking\/wp-json\/wp\/v2\/media\/1329"}],"wp:attachment":[{"href":"https:\/\/keturist.sk\/booking\/wp-json\/wp\/v2\/media?parent=1328"}],"wp:term":[{"taxonomy":"product_brand","embeddable":true,"href":"https:\/\/keturist.sk\/booking\/wp-json\/wp\/v2\/product_brand?post=1328"},{"taxonomy":"product_cat","embeddable":true,"href":"https:\/\/keturist.sk\/booking\/wp-json\/wp\/v2\/product_cat?post=1328"},{"taxonomy":"product_tag","embeddable":true,"href":"https:\/\/keturist.sk\/booking\/wp-json\/wp\/v2\/product_tag?post=1328"}],"curies":[{"name":"wp","href":"https:\/\/api.w.org\/{rel}","templated":true}]}}